.
442157
List the prime factors of 3873025.
5, 13, 17, 701
List the prime factors of 2120001.
3, 13, 19, 2861
What are the prime factors of 3124263?
3, 1041421
What are the prime factors of 3967047?
3, 7, 62969
List the prime factors of 23291891.
7, 19, 73, 2399
List the prime factors of 590103.
3, 173, 379
What are the prime factors of 168976?
2, 59, 179
What are the prime factors of 1781429?
13, 83, 127
List the prime factors of 1800493.
1800493
List the prime factors of 242872.
2, 7, 4337
List the prime factors of 367800.
2, 3, 5, 613
What are the prime factors of 6733382?
2, 439, 7669
List the prime factors of 65308.
2, 29, 563
What are the prime factors of 4061264?
2, 43, 5903
What are the prime factors of 1158686?
2, 17, 53, 643
What are the prime factors of 505378?
2, 71, 3559
What are the prime factors of 537781?
537781
List the prime factors of 10663551.
3, 1184839
List the prime factors of 1849275.
3, 5, 8219
List the prime factors of 361072.
2, 22567
What are the prime factors of 1055952?
2, 3, 7333
List the prime factors of 842322.
2, 3, 13, 10799
List the prime factors of 5078107.
113, 44939
What are the prime factors of 1111334?
2, 7, 163, 487
List the prime factors of 436563.
3, 19, 23, 37
List the prime factors of 2821291.
11, 19, 13499
List the prime factors of 92977.
109, 853
List the prime factors of 443852.
2, 37, 2999
List the prime factors of 6618179.
41, 151, 1069
What are the prime factors of 724690?
2, 5, 72469
List the prime factors of 878198.
2, 571, 769
List the prime factors of 700951.
61, 11491
List the prime factors of 580440.
2, 3, 5, 7, 691
List the prime factors of 18815352.
2, 3, 241, 3253
List the prime factors of 138686.
2, 17, 4079
What are the prime factors of 28226412?
2, 3, 37, 21191
List the prime factors of 712054.
2, 7, 181, 281
List the prime factors of 1251152.
2, 7, 11171
What are the prime factors of 4843573?
7, 541, 1279
What are the prime factors of 1170417?
3, 43, 211
What are the prime factors of 148866?
2, 3, 43, 577
What are the prime factors of 6395351?
53, 67, 1801
What are the prime factors of 2572257?
3, 857419
List the prime factors of 77995.
5, 19, 821
List the prime factors of 948222.
2, 3, 11, 4789
What are the prime factors of 5198310?
2, 3, 5, 13, 1481
What are the prime factors of 30001669?
30001669
List the prime factors of 916091.
11, 67, 113
List the prime factors of 67356.
2, 3, 1871
List the prime factors of 5167509.
3, 47, 67, 547
List the prime factors of 627781.
7, 11, 31, 263
What are the prime factors of 1128959?
13, 86843
List the prime factors of 90100.
2, 5, 17, 53
What are the prime factors of 2705071?
2705071
List the prime factors of 1719637.
131, 13127
What are the prime factors of 1380506?
2, 23, 30011
What are the prime factors of 3853762?
2, 11, 59, 2969
List the prime factors of 133958.
2, 11, 6089
List the prime factors of 478453.
478453
What are the prime factors of 6697974?
2, 3, 1116329
What are the prime factors of 419156?
2, 104789
List the prime factors of 186468.
2, 3, 41, 379
List the prime factors of 26823461.
7, 3831923
List the prime factors of 660476.
2, 163, 1013
What are the prime factors of 139710?
2, 3, 5, 4657
What are the prime factors of 13189362?
2, 3, 2198227
List the prime factors of 6461392.
2, 7, 31, 1861
What are the prime factors of 3144216?
2, 3, 131009
List the prime factors of 474996.
2, 3, 23, 1721
What are the prime factors of 14414270?
2, 5, 13, 110879
List the prime factors of 1277552.
2, 79847
What are the prime factors of 273500?
2, 5, 547
What are the prime factors of 557168?
2, 97, 359
What are the prime factors of 38023?
47, 809
What are the prime factors of 7123023?
3, 791447
What are the prime factors of 3237390?
2, 3, 5, 13, 2767
What are the prime factors of 2615826?
2, 3, 37, 11783
List the prime factors of 1227067.
113, 10859
What are the prime factors of 10727?
17, 631
List the prime factors of 9213410.
2, 5, 47, 19603
List the prime factors of 6551757.
3, 23, 31, 1021
What are the prime factors of 1446269?
11, 131479
List the prime factors of 5373926.
2, 1409, 1907
What are the prime factors of 161353?
317, 509
List the prime factors of 1543008.
2, 3, 16073
List the prime factors of 23403538.
2, 41, 269, 1061
What are the prime factors of 27923074?
2, 13961537
What are the prime factors of 129669?
3, 43223
List the prime factors of 3413824.
2, 41, 1301
List the prime factors of 33375293.
7, 4767899
List the prime factors of 25493618.
2, 929, 13721
List the prime factors of 22933770.
2, 3, 5, 764459
What are the prime factors of 97922?
2, 11, 4451
What are the prime factors of 36080?
2, 5, 11, 41
What are the prime factors of 87242?
2, 181, 241
List the prime factors of 218496.
2, 3, 569
List the prime factors of 227610.
2, 3, 5, 281
List the prime factors of 12102361.
821, 14741
List the prime factors of 90520.
2, 5, 31, 73
List the prime factors of 2834526.
2, 3, 472421
What are the prime factors of 551225?
5, 17, 1297
What are the prime factors of 250625?
5, 401
List the prime factors of 776898.
2, 3, 14387
List the prime factors of 482236.
2, 31, 3889
List the prime factors of 10200837.
3, 29, 117251
List the prime factors of 553105.
5, 7, 15803
What are the prime factors of 693203?
7, 43, 47
What are the prime factors of 362614?
2, 7, 59, 439
What are the prime factors of 8858369?
13, 29, 23497
What are the prime factors of 8134714?
2, 7, 241, 2411
What are the prime factors of 13710558?
2, 3, 47, 48619
What are the prime factors of 519648?
2, 3, 5413
List the prime factors of 401376.
2, 3, 37, 113
What are the prime factors of 371901?
3, 53, 2339
List the prime factors of 1175385.
3, 5, 127, 617
List the prime factors of 96876.
2, 3, 13, 23
What are the prime factors of 206718?
2, 3, 131, 263
What are the prime factors of 682088?
2, 11, 23, 337
What are the prime factors of 31476722?
2, 2861, 5501
What are the prime factors of 4451004?
2, 3, 41213
What are the prime factors of 11747443?
41, 181, 1583
What are the prime factors of 32454883?
37, 151, 157
List the prime factors of 1510179.
3, 11, 45763
List the prime factors of 3477625.
5, 43, 647
List the prime factors of 262969.
7, 37567
What are the prime factors of 4576191?
3, 127, 12011
List the prime factors of 80512.
2, 17, 37
What are the prime factors of 10407586?
2, 7, 47, 15817
List the prime factors of 9535803.
3, 3178601
List the prime factors of 324597.
3, 7, 13, 29, 41
What are the prime factors of 8354971?
8354971
List the prime factors of 2170923.
3, 107, 6763
What are the prime factors of 1808409?
3, 17, 59, 601
List the prime factors of 181094.
2, 90547
What are the prime factors of 7631997?
3, 17, 263, 569
What are the prime factors of 22524?
2, 3, 1877
List the prime factors of 156072.
2, 3, 7, 929
What are the prime factors of 5454?
2, 3, 101
What are the prime factors of 1816746?
2, 3, 302791
List the prime factors of 94906.
2, 7, 6779
What are the prime factors of 3613067?
1289, 2803
What are the prime factors of 900705?
3, 5, 13, 31, 149
What are the prime factors of 877099?
307, 2857
List the prime factors of 261792.
2, 3, 101
List the prime factors of 308408.
2, 19, 2029
List the prime factors of 774519.
3, 258173
What are the prime factors of 2558435?
5, 11, 181, 257
List the prime factors of 1266226.
2, 13, 31, 1571
What are the prime factors of 28003329?
3, 3111481
List the prime factors of 1074056.
2, 134257
List the prime factors of 6576728.
2, 41, 20051
List the prime factors of 10313606.
2, 5156803
List the prime factors of 5432619.
3, 1051, 1723
What are the prime factors of 549822?
2, 3, 7, 13, 19, 53
List the prime factors of 939350.
2, 5, 18787
What are the prime factors of 12197328?
2, 3, 11, 13, 1777
List the prime factors of 11002466.
2, 5501233
List the prime factors of 690688.
2, 19, 71
What are the prime factors of 2645251?
7, 17, 22229
List the prime factors of 13794442.
2, 31, 271, 821
List the prime factors of 145251.
3, 16139
What are the prime factors of 796712?
2, 7, 41, 347
What are the prime factors of 422855?
5, 23, 3677
What are the prime factors of 212050?
2, 5, 4241
List the prime factors of 525235.
5, 73, 1439
What are the prime factors of 10957362?
2, 3, 13, 59, 2381
List the prime factors of 274658